2*4/4 - -1. Let q(o) be the first derivative of 4*o - 1/3*o**3 - r - 3/2*o**2. Give q(-4).
0
Let j(t) = -t - 3. Let m be (-37)/13 + (-32)/208 - 3. Give j(m).
3
Let j(l) be the second derivative of -l**5/20 - l**4/4 + l**3/2 + l**2 - 4*l. Calculate j(-4).
6
Let m(j) = 3*j. Let i(y) = y**2 - 7*y - 5. Suppose -4*v + 9*v = 40. Let a be i(v). Calculate m(a).
9
Let r(a) = a**2 + 11*a - 32. Let i be r(-13). Let t(s) = 7*s**2 + 6 + 3*s**3 - s**2 - 2*s**3. What is t(i)?
6
Suppose 3*z = 4*d + 7 + 6, 0 = -2*z + 6. Let r be (d + 1 - -4)/(-1). Let g(k) = k**3 + 4*k**2 - k + 3. Give g(r).
7
Let i(t) be the first derivative of -t**2/2 - 2*t - 1. Suppose -5*b - 7 = -27. Suppose -u = -3*u + 2*n, -3*u - b*n = -35. What is i(u)?
-7
Let j(h) = h + 6. Suppose 5*q + 0*q = 10. Let m(w) = 2 - 3 + q*w**2 + 0*w**2 + 6*w**3. Let c be m(-1). Calculate j(c).
1
Let u(o) be the third derivative of o**6/120 + 7*o**5/60 + o**4/4 + o**3 - 39*o**2. Calculate u(-6).
6
Suppose 0*x + 4*x = 8. Let p(i) = 5*i - x*i - 7 + 0*i - i. Let o = -4 + 9. What is p(o)?
3
Let f(u) = -2*u - 2. Let h be 2*(0/2 + -2). Calculate f(h).
6
Let r(j) = j**2 + 1. Let w be r(-1). Let k(z) = 2*z + 3. Let a(b) = -b + 12. Let g be a(7). Let l(o) = -o - 1. Let f(p) = g*l(p) + 2*k(p). Determine f(w).
-1
Let b(k) = 7*k**2 - 3*k - 9. Let d(s) = s**2 - s - 1. Let l be 0 - 9/3 - -3. Suppose 0*c + 3*c - 18 = l. Let p(n) = c*d(n) - b(n). Give p(-4).
-1
Let x(o) = -3*o + 3. Let d(j) be the second derivative of -j**4/12 - j**3/2 + 7*j**2/2 + 5*j. Let c be d(-4). Give x(c).
-6
Let r(v) be the first derivative of v**4/4 - v**3 - 3*v**2/2 + 2*v - 5. What is r(3)?
-7
Suppose -5*a + 5*z - 20 = 0, z + 44 = -5*a + 12. Let y(o) be the second derivative of o**5/20 + 5*o**4/12 - 7*o**3/6 - 3*o**2/2 + 4*o. Give y(a).
3
Let l(n) = -n**3 - 8*n + 5 + 5*n**2 + n - 1. Let u = -1 - -5. Determine l(u).
-8
Suppose 2 = s, 7*x - 11 = 2*x - 3*s. Let n(t) = 66*t + 27. Let j(y) = -5*y - 2. Let u(a) = -54*j(a) - 4*n(a). Give u(x).
6
Let n(l) be the second derivative of l**4/12 - 4*l**3/3 + 5*l**2/2 - 2*l. Let a be n(6). Let q be 33/(-7) - (-2)/a. Let z(h) = -h**2 - 6*h. Determine z(q).
5
Let p = -5 + 3. Let w = 0 + p. Let t(q) = -q**2 - 2*q. Determine t(w).
0
Let u = 0 + 2. Suppose -u*l + 7 = 1. Let d(y) = -2 - 1 + y + 2*y. Determine d(l).
6
Let o be 14*(0 - -1)*-1. Let r be 132/28 + (-4)/o. Let c(h) = -3*h**2 + 16*h + 14. Let d(w) = w**2 - 5*w - 5. Let u(x) = -2*c(x) - 7*d(x). Calculate u(r).
-3
Let z(h) be the second derivative of -7/6*h**3 - 2*h + 3/2*h**2 + 0. Let q(u) = 3*u - 2. Let j(n) = -5*q(n) - 2*z(n). Give j(3).
1
Let h(m) = m**3 - 5*m**2 + 4*m - 5. Let o(s) = -s + 7. Let r be o(3). Calculate h(r).
-5
Let i(u) be the second derivative of u**5/20 - u**4/3 - 5*u**3/3 + 6*u**2 + 10*u. Let h(o) = o - 1. Let b(k) = -5*h(k) - i(k). What is b(5)?
-7
Let a(m) = 2*m + 2. Suppose 0 = z + 3*z - 12. Suppose -4*p - h + 16 = -z*h, -4*h = -2*p + 20. Give a(p).
6
Let g(q) = 2 + 15*q - 48*q + 17*q + 17*q. Give g(-3).
-1
Let i(v) = v**2 + 6*v + 3. Let q = -6 - -10. Suppose -5*y = -5*a - 20, 5*y + 0*a = -a - q. Let x = y - 4. What is i(x)?
-5
Let n(z) be the second derivative of -z**4/2 + z**2/2 - 5*z. Determine n(1).
-5
Let r(w) be the second derivative of -w**4/12 + w**3/6 - 5*w**2/2 - w. What is r(0)?
-5
Let u(q) = q**2 - 13*q - 7. Let r(d) = 2*d**2 - 27*d - 15. Let s(v) = -6*r(v) + 13*u(v). Suppose 19 = -5*y + 44. Give s(y).
-11
Let r be 300/(-78) + 2/(-13). Let w(u) = -u**2 - 3*u. Give w(r).
-4
Suppose 4*b - 2*m = m + 16, 0 = -b - 3*m + 4. Let k(j) = -3*j**2 - b*j + 3*j - 1 + j**3 + 2*j**2 + 3. Calculate k(2).
4
Let r(d) = 24*d**2 - 8*d**2 + 0*d + 3*d + 7 - 17*d**2. Calculate r(5).
-3
Let u(l) be the second derivative of 1/6*l**4 + 1/2*l**2 + 0 - 1/3*l**3 - 3*l. Calculate u(1).
1
Let w(c) be the first derivative of -c**4/4 - 10*c**3/3 - 6*c**2 - 13*c + 5. Calculate w(-9).
14
Suppose 4*s - 2*m = 8, -4*m - 7 = 2*s - 7*s. Let j(b) = -5*b**2 - 35*b + 16. Let l(a) = -2*a**2 - 12*a + 5. Let x(z) = s*j(z) - 8*l(z). Determine x(7).
-6
Let v(w) = w**3 - w**2 - 2*w + 2. Let l = -35 + 37. What is v(l)?
2
Let t(o) = -5 - o + 16 + 0 - 8. Calculate t(-6).
9
Let g(c) = -c**3 - 5*c**2 + 3*c - 6. Let m(b) = -2*b**2 + 2*b - 2. Let r be m(2). Calculate g(r).
12
Let d(q) = q - 8. Let p(k) = -k + 7. Let f(r) = -2*d(r) - 3*p(r). Give f(0).
-5
Let l(r) = r**2 + r + 1. Let a(g) = 5*g**2 + g. Let x(o) = a(o) - 3*l(o). What is x(3)?
9
Let a(c) = -2*c**2 + c**3 - 5*c + 0*c + 0*c**3 + 2. What is a(4)?
14
Let o be (-9)/(-4) + 2/(-8). Let g(q) = 0*q**2 - 7 - q - q**o + 7*q. Give g(5).
-2
Let z(o) = -8*o - 1. Let u(q) = 77*q + 17. Let d(k) = 26*k + 6. Let f(g) = 8*d(g) - 3*u(g). Let b(n) = -6*f(n) + 17*z(n). Give b(1).
3
Let n(c) = -2*c**2 + 4*c + 4 - c**3 - 5*c - 6. What is n(-3)?
10
Let d(v) = -2*v - 10. Let k(r) = 7*r - 1 + 30 + 3*r - 4*r. Let y(a) = -11*d(a) - 4*k(a). Calculate y(-6).
6
Let j(a) = -a**3 + a. Let n(b) = 2*b**3 + 2*b**2 - 2*b - 3. Let p(r) = -j(r) - n(r). Suppose -2*f - 1 = 5*v + 14, -2*v - 6 = -5*f. Determine p(v).
9
Let k = 9 - 13. Let g(c) = c**2 + 3*c - 2. Determine g(k).
2
Let b be (-10)/(-7) - 27/63. Let l(x) be the first derivative of -3*x**4/2 + x**2/2 - 2. Give l(b).
-5
Let d(m) = -2*m - 4. Let b(u) = u**2 - 4*u + 1. Let f be b(3). Let k be f + -1 + -1*1. Let i = k - 0. What is d(i)?
4
Let k(w) = -2*w**2 - 2*w - 1. Let a be k(-1). Let i = -5 - a. Let o(x) be the first derivative of -x**4/4 - x**3 + 3*x**2 + 5*x + 3. Calculate o(i).
-3
Let q(r) = -r + 1. Let m(z) = -4*z. Let t(n) = m(n) - 2*q(n). Calculate t(4).
-10
Let k(w) = -w - 11. Let m = 41 - 46. Give k(m).
-6
Let h(y) = -y**2 + 4*y + 2. Suppose -6 = -2*c, -4*c - 22 = -5*f - 3*c. What is h(f)?
-3
Let k(m) = 6*m**2 - 4*m - 7. Let p(d) = 6*d**2 - 4*d - 8. Let j(t) = 4*k(t) - 3*p(t). Let s(u) = -11*u**2 + 7*u + 7. Let a(l) = 7*j(l) + 4*s(l). Give a(-1).
-2
Let v(h) = h**3 + 4*h**2 - h + 1. Suppose w = -4*w - 4*f - 48, 3*w + 16 = 4*f. Let q = 4 + w. Determine v(q).
5
Suppose 6*r + 5 = 5*r. Let k(w) be the third derivative of w**4/24 + 5*w**3/3 + w**2. Give k(r).
5
Let o(n) = -n - 2. Let h be (10/(-3))/(((-64)/12)/(-8)). Calculate o(h).
3
Let x(y) = -3*y**3 + 17*y**2 + 8*y + 1. Let f(w) = 2*w**3 - 9*w**2 - 4*w - 1. Let p(h) = -5*f(h) - 3*x(h). Calculate p(-5).
-3
Let y(j) = -5*j - 18*j**2 + 2*j + 2*j + 21*j**2. Let q(s) = s + 7. Let o be q(-6). Give y(o).
2
Let t(k) be the second derivative of -k**5/20 + k**4/6 - 2*k**3/3 + 3*k**2/2 - 2*k. Suppose -2*l = 10, -4*c - 12 = -3*l + 7*l. Calculate t(c).
-5
Let m(s) = 2*s**2 + 3*s - 3. Suppose 2 = -12*g + 13*g. Determine m(g).
11
Let z(u) = u**3 - 4*u**2 - 10*u + 3. Let m(g) = g + 1. Let f(h) = -3*m(h) - z(h). Let y(d) = -3*d - 25. Let a be y(-10). What is f(a)?
4
Let k(t) = t**2 + t + 1. Let v be k(-3). Let g(n) = -9*n. Let r(c) = 10*c. Let y(o) = v*g(o) + 6*r(o). Give y(-1).
3
Let h(z) = z**3 + 6*z**2 - z + 2. Let j = 9 - 15. Determine h(j).
8
Let x(y) = -y**2 + 3*y - 3. Let s(p) = 2*p**2 - 6*p + 6. Let q(r) = -3*s(r) - 7*x(r). Suppose -a + 2 + 4 = -o, 4*a + 4*o = -8. What is q(a)?
1
Let q(r) be the first derivative of r**4/4 + 7*r**3/3 + 3*r**2 + 3*r + 79. Let g(w) = -w**3 + 3*w**2 + 3*w - 2. Let i be g(4). What is q(i)?
3
Let c(t) = t - 7. Suppose -3*k - k + 5*v = -26, v + 25 = 3*k. Let n = -6 + k. Give c(n).
-4
Suppose 25 = 2*a + t + 9, -3*a + 5*t = 2. Let d(z) = -z**3 + 5*z**2 + 6*z - 2. Give d(a).
-2
Let z be 2*(120/(-50) - 3/5). Let q(p) = -p**2 - 7*p - 2. Calculate q(z).
4
Let u(i) = -i**3 + 8*i**2 - 5*i - 10. Suppose l - 4*l = -21. What is u(l)?
4
Let s(k) = k**3 + 4*k**2 - 6*k. Let a be s(-5). Let m(n) = 0*n + 2 + a*n - 6*n. Determine m(3).
-1
Let a(n) = 4*n - n + n**2 - 2*n**2. Suppose 10*q - 12 = 7*q. Suppose -q*i - 3 = 1, 0 = o - i - 6. Give a(o).
-10
Let t(v) = v**2 + 2*v + 1. Suppose 5*y - 5 = 2*j, -5*y + 3*j = 2*j. What is t(y)?
0
Let v be (5/2)/((-3)/(-6)). Let j(k) be the third derivative of k**6/120 - k**5/12 + k**3/3 - 4*k**2. Calculate j(v).
2
Suppose 5*n + 5 + 0 = 5*h, 5*h + 4*n = 14. Let i(j) be the third derivative of 0 + 1/2*j**3 - 2*j**2 - 1/12*j**4 + 0*j - 1/60*j**5. Determine i(h).
-5
Let x(a) = 8*a**3 - 2*a**2 - a + 3. Let p(v) = 9*v**3 - v**2 - v + 2. Let r(u) = 3*p(u) - 2*x(u). What is r(1)?
11
Let u(z) = -2*z + 1. Le